50) + 50252 + 3.
50263
Let f = 86 - -139. Suppose 0 = -f*t + 220*t + 2260. List the prime factors of t.
2, 113
Suppose -3*x + d + 27 = 0, x + 0*d + 1 = -3*d. Suppose 0 = x*p - 3710 - 9434. Suppose 8*g + 523 = p. List the prime factors of g.
2, 5, 7
Suppose -14*l + 18*l - b = 43325, l = 5*b + 10798. What are the prime factors of l?
3, 23, 157
Suppose -3*s + 2*t + 2*t = 14, 0 = 2*s - t + 1. Suppose 4*u - 2*u = -s*k + 858, 411 = k - 5*u. What are the prime factors of k?
2, 3, 71
Suppose 2*f = -2*l - f - 618, l = -3*f - 309. Let b = -177 - l. List the prime factors of b.
2, 3, 11
Suppose -4*v = 3*x + v - 121, 4*v + 172 = 4*x. Let s(m) = 90*m + 22. Let w be s(2). Let a = w - x. List the prime factors of a.
2, 5
Let p(f) = f**3 + 11*f**2 - 35*f - 6. Let z be p(-14). Let o = -104 - z. Suppose -4*y + 111 = -w, o = 3*w + 4 + 5. What are the prime factors of y?
3
Let f be 3 + 3*6/(-9). Suppose 3*j + 3*g - 31 = -j, 2*g - 2 = 0. What are the prime factors of (6/(-21) + 1668/j)*f?
2, 7, 17
Let x = 270 + -273. List the prime factors of ((-10)/((-6)/x))/(1/(-121)).
5, 11
Let m = -46809 + 83595. What are the prime factors of m?
2, 3, 6131
Let n(h) = 2*h**3 + 61*h**2 - 75*h - 72. List the prime factors of n(-27).
2, 3, 7
Suppose -7*r + 4 = 4. Suppose z - 4 = r, p = -3*p + z + 4. Suppose 3*g = 4*g + n - 167, -3*n = p*g - 336. List the prime factors of g.
3, 5, 11
Let m(t) = 114*t**3 - 5*t**2 + 42*t + 79. List the prime factors of m(8).
17, 19, 181
Let b be 1 + 18/15 + (-21)/105. What are the prime factors of ((-3681)/216*-6)/(b/8)?
409
Let z(r) = 7*r**2 - 82*r - 127. What are the prime factors of z(42)?
67, 131
Let z(t) = 3*t + 5. Let k(j) = j. Let v(o) = -4*k(o) + z(o). Let a be v(-10). Suppose -a*f + 16*f - 45 = 0. List the prime factors of f.
3, 5
Let k = 156 - 100. Suppose -3*j + k = -4*d, d - 46 = -5*j + 2*j. Suppose j*o - 1012 = 12*o. List the prime factors of o.
11, 23
Let n = -79900 - -112177. What are the prime factors of n?
3, 7, 29, 53
Suppose 1292*m - 655*m + 500004 = 649*m. List the prime factors of m.
3, 17, 19, 43
Let d = 13694 + -5133. List the prime factors of d.
7, 1223
Let k = -99 - -104. Suppose l - 327 = -k*i, -2*l - 5*i = -99 - 530. List the prime factors of l.
2, 151
Suppose -2*i = -3*s - 1, -5 = -4*s - s. Suppose 3*a + i = 11. Suppose 5*t - 17 - a = 0, -2*b + 2*t + 10 = 0. What are the prime factors of b?
3
Let y(j) = -j**3 - 21*j**2 + 13*j - 26. Let x(c) = 7*c**2 - 4*c + 9. Let q(n) = -7*x(n) - 2*y(n). List the prime factors of q(8).
7, 83
Let g(c) be the second derivative of c**4/12 + c**3/2 + 8*c**2 + 33*c. What are the prime factors of g(-10)?
2, 43
Suppose -2*j - 2036 = -l + 24, -l + 2058 = -j. Suppose -2*k - 572 + l = 2*f, 3*k = -f + 2224. What are the prime factors of k?
3, 13, 19
Suppose 63 = -2*z + 291. Suppose z - 130 = -4*y. Suppose 8*v - 380 = y*v. List the prime factors of v.
5, 19
Let z be 252/(-49) - 3/(-21). List the prime factors of z + 5 + 168 - (-4 - -2).
2, 5, 17
Let d be 180/(-21) - 4/(-7). List the prime factors of (-18420)/d*(-26)/(-39).
5, 307
Let n(k) = 172*k**2 + 49*k - 167. List the prime factors of n(9).
2, 7103
Suppose 2*u = -t + 33759, 4*t + u - 161815 = -26800. What are the prime factors of t?
3, 11251
Suppose 0 = -2*y + 3*c + 58399, 3*y - 9*c - 75318 = 12285. List the prime factors of y.
2, 13, 1123
Let i(j) be the third derivative of j**4/8 - 2*j**3/3 + 4*j**2. Suppose -7*g = -10*g - 2*m + 45, 0 = m. What are the prime factors of i(g)?
41
Suppose -4*j = -12*j + 88. Let m(q) = q - 4. Let d be m(j). Suppose -p = -d + 5. What are the prime factors of p?
2
Suppose 4*l - 37*j + 38*j - 20 = 0, 6*j = -5*l + 25. Suppose 8*t = 3*t. Suppose t = -l*d + 183 + 217. What are the prime factors of d?
2, 5
Let a(c) = -2849*c + 261. List the prime factors of a(-3).
2, 3, 367
Suppose 506733 = 40*m - 1265465 + 549158. What are the prime factors of m?
2, 3, 7, 13
Let p = -941 - -2239. Suppose p = 15*v - 1147. What are the prime factors of v?
163
Let p be (3/9)/(3*(-1)/36). What are the prime factors of -1134*(3 + p) + 13 + -7?
2, 3, 5, 19
Suppose 7*u + 6943 + 55319 = 25*u. List the prime factors of u.
3, 1153
Suppose -2940 = 16*d - 4956. Let w = -13 + 9. List the prime factors of (18/w + 4)/((-3)/d).
3, 7
Let p(y) = 1954*y - 780. What are the prime factors of p(6)?
2, 3, 19
Suppose 1426 = 3*g - j, 5*g + 26*j - 30*j = 2379. Let m = -94 + g. List the prime factors of m.
3, 127
Suppose -2*u - 9 - 7 = -2*f, -2*f = u - 28. Suppose 3*m - 21 = -f. What are the prime factors of (m + 42/(-12))/((-2)/24)?
2, 3
Let j(p) = -2*p + 6. Let n be j(3). Suppose n = 2*m + 9 - 7. List the prime factors of m/(-2) + 612/8.
7, 11
What are the prime factors of 15890*(-4)/(-120)*18?
2, 3, 7, 227
Suppose -24 = -3*m - 0. Suppose 332 = m*r + 1292. Let a = 185 + r. List the prime factors of a.
5, 13
Let h(y) = -1441*y + 936. What are the prime factors of h(-7)?
73, 151
Let a(o) = o**3 - o**2 - 5*o - 9. Suppose w - 1 = -5*n, 2*n - 1 = -3. What are the prime factors of a(w)?
3, 47
Suppose -11*s + 28 = 3*s. List the prime factors of 1100/5 - (s - 1).
3, 73
Let x = 891 - 883. List the prime factors of ((-74)/4)/(3 - 28/x).
37
Let f = -101 - -105. Suppose f*c - 813 = -197. List the prime factors of c.
2, 7, 11
Suppose 375*x + 816 = 387*x. Suppose -65*g + x*g - 4608 = 0. List the prime factors of g.
2, 3
Suppose -3*y = -0*y - f - 918, -3*y + 2*f + 915 = 0. Let x = y - 88. Suppose -2*t + x = -5*p, t - 111 = 3*p - 0*p. List the prime factors of t.
2, 3, 17
Let k(s) = -146*s + 1184. List the prime factors of k(-22).
2, 7, 157
Let h(q) = 17*q**3 - 7*q**2 + 12*q + 50. List the prime factors of h(7).
2, 3, 937
Let k be -3 + 7/(14/(-4)). Let y(b) = -4*b**2 + 6*b + 1. Let d be y(k). Let a = -33 - d. List the prime factors of a.
2, 3
Let v = 323 + -172. Let x be (-4 + 4 - 3)*-1. Suppose -x*a + 221 = -v. List the prime factors of a.
2, 31
Let s be (-2)/2*(-27 - -33). Let p(d) = -4*d - 21. What are the prime factors of p(s)?
3
Suppose -2*b - 2*u = -81284, -10*b + 4*u = -9*b - 40677. What are the prime factors of b?
7, 5807
Let i be (-3*2/6)/(1/(-3)). Suppose i*t = -18 - 3. Let b = 64 + t. What are the prime factors of b?
3, 19
Let t(n) = -n**2 + 34*n + 38. Let x be t(35). Suppose -x*d - 4*b = 70 - 1256, 0 = -3*d - 5*b + 1190. What are the prime factors of d?
2, 3, 5, 13
Suppose 11 = -5*y + 6*y. Let f = 14 - y. Suppose f*u + 2*g = 178, -4*u + 251 - 27 = -4*g. List the prime factors of u.
2, 29
Let m = 2 + -3. Let k(y) = y**2 - 57*y - 751. Let d be k(-13). List the prime factors of m - d/((-9)/3).
2, 13
Let x(s) = s**3 - 11*s**2 + 15*s - 25. Let n be x(10). List the prime factors of (-1875)/6*(-40)/n.
2, 5
Let z = -8993 + 16291. What are the prime factors of z?
2, 41, 89
Let d(p) = -335*p**2 + 80*p + 720. Let h(n) = -37*n**2 + 9*n + 80. Let x(l) = 6*d(l) - 55*h(l). What are the prime factors of x(-6)?
2, 5, 7, 13
Let w(a) = -4*a**3 - 18*a**2 + 27*a + 49. List the prime factors of w(-14).
3, 7, 113
List the prime factors of 20072 + (70/(-21))/((-10)/(-45)*-3).
17, 1181
Let k = -404 + 624. Let o = k - -52. List the prime factors of o.
2, 17
Let a(n) = n**3 + 25*n**2 - 2. Let m = 226 + -250. What are the prime factors of a(m)?
2, 7, 41
Suppose 45*s + 4892 = 105827. List the prime factors of s.
2243
Let n(p) = -41*p - 53. Let c be n(-19). Suppose -3*f + 590 = 2*t - 859, -f + c = t. List the prime factors of t.
3
Let q(n) = -3*n**2 + 80*n + 29. Let a be q(27). Suppose 1251 = a*m - 1367. List the prime factors of m.
7, 11, 17
Let z(f) = f - 11. Let d be z(12). Let q(o) = -3*o + 1. Let u be q(d). What are the prime factors of -366*(24/(-36))/((-4)/u)?
2, 61
Let d be 3/(6/3088) + (-9 - -7). Suppose 3*x = -3*q + x + d, -4*x = 0. Suppose 158 = a + 2*k, -a + 4*k + q = 2*a. What are the prime factors of a?
2, 83
Suppose -5*x + 16 = 2*b - 15, 3 = -4*b + 3*x. Suppose 869 = 9*k - 8*k - 3*p, 0 = -b*k - p + 2627. List the prime factors of k.
5, 7
Let c(d) = d**3 + 84*d**2 - 27*d + 109. What are the prime factors of c(-84)?
2377
Suppose 974 = 5*r - 2411. Let s = r + -560. What are the prime factors of s?
3, 13
Let s = 29929 + 9518. What are the prime factors of s?
3, 487
Suppose -7*j + 99 = -34. Suppose -5*l + j = z, 2*l - 94 = -5*z + z. Suppose z*h - 25*h = -54. What are the prime fac